{"id":1573,"date":"2024-05-01T12:19:52","date_gmt":"2024-05-01T10:19:52","guid":{"rendered":"https:\/\/deliberativa.org\/arantxa-mendiharat\/"},"modified":"2025-10-01T17:52:26","modified_gmt":"2025-10-01T15:52:26","slug":"arantxa-mendiharat","status":"publish","type":"page","link":"https:\/\/deliberativa.org\/en\/about\/co-founders\/arantxa-mendiharat\/","title":{"rendered":"Arantxa Mendiharat"},"content":{"rendered":"\n<p class=\"has-black-color has-text-color has-link-color wp-elements-220a6c7eeed83825f4c5c6bb75aa4ed7\">Arantxa holds a degree in Political Science from the Institute of Political Studies in Bordeaux, France, and a Master&#8217;s degree in Cultural Management from Heriot-Watt University in Edinburgh.<\/p>\n\n<p class=\"has-black-color has-text-color has-link-color wp-elements-6a16ba11b760dff7abeda4fae1c5f4a5\">Initially, her career focused on the design and management of cultural projects linked to social transformation. In parallel, she has promoted and participated in networks that empower citizens, and has explored democratic models that include the civic lottery. <\/p>\n\n<p class=\"has-black-color has-text-color has-link-color wp-elements-58aaea083452cf6c86ac7d059c03e480\">In 2019 she co-founded Deliberativa. Since then, she has been dedicated to the co-design, implementation and promotion of citizen deliberation. She is particularly interested in developing processes at local, regional and state level, adapted to specific social and cultural contexts.  <\/p>\n\n<div class=\"wp-block-group\"><div class=\"wp-block-group__inner-container is-layout-constrained wp-block-group-is-layout-constrained\">\n<p>She is co-author, with Ernesto Ganuza, of the book <a href=\"https:\/\/www.consonni.org\/es\/publicaciones\/la-democracia-es-posible\" target=\"_blank\" rel=\"noreferrer noopener\">\n  <em>La democracia es posible. Sorteo c\u00edvico y deliberaci\u00f3n para rescatar el poder de la ciudadan\u00eda (2020, Ed. Consonni.<\/em>\n<\/a> (2020, Ed. Consonni).<\/p>\n<\/div><\/div>\n\n<p><\/p>\n","protected":false},"excerpt":{"rendered":"<p>Arantxa holds a degree in Political Science from the Institute of Political Studies in Bordeaux, France, and a Master&#8217;s degree in Cultural Management from Heriot-Watt University in Edinburgh. Initially, her career focused on the design and management of cultural projects linked to social transformation. In parallel, she has promoted and participated in networks that empower [&hellip;]<\/p>\n","protected":false},"author":2,"featured_media":1934,"parent":1616,"menu_order":43,"comment_status":"closed","ping_status":"closed","template":"","meta":{"_acf_changed":false,"_uag_custom_page_level_css":"","footnotes":""},"class_list":["post-1573","page","type-page","status-publish","has-post-thumbnail","hentry"],"acf":[],"uagb_featured_image_src":{"full":["https:\/\/deliberativa.org\/wp-content\/uploads\/2024\/12\/Deliberativa-arantxa-mendiharat.jpg",1476,692,false],"thumbnail":["https:\/\/deliberativa.org\/wp-content\/uploads\/2024\/12\/Deliberativa-arantxa-mendiharat-150x150.jpg",96,96,true],"medium":["https:\/\/deliberativa.org\/wp-content\/uploads\/2024\/12\/Deliberativa-arantxa-mendiharat-300x141.jpg",300,141,true],"medium_large":["https:\/\/deliberativa.org\/wp-content\/uploads\/2024\/12\/Deliberativa-arantxa-mendiharat-768x360.jpg",768,360,true],"large":["https:\/\/deliberativa.org\/wp-content\/uploads\/2024\/12\/Deliberativa-arantxa-mendiharat-1024x480.jpg",1024,480,true],"1536x1536":["https:\/\/deliberativa.org\/wp-content\/uploads\/2024\/12\/Deliberativa-arantxa-mendiharat.jpg",1476,692,false],"2048x2048":["https:\/\/deliberativa.org\/wp-content\/uploads\/2024\/12\/Deliberativa-arantxa-mendiharat.jpg",1476,692,false]},"uagb_author_info":{"display_name":"arantxa","author_link":"https:\/\/deliberativa.org\/en\/author\/arantxa\/"},"uagb_comment_info":0,"uagb_excerpt":"Arantxa holds a degree in Political Science from the Institute of Political Studies in Bordeaux, France, and a Master&#8217;s degree in Cultural Management from Heriot-Watt University in Edinburgh. Initially, her career focused on the design and management of cultural projects linked to social transformation. In parallel, she has promoted and participated in networks that empower&hellip;","_links":{"self":[{"href":"https:\/\/deliberativa.org\/en\/wp-json\/wp\/v2\/pages\/1573","targetHints":{"allow":["GET"]}}],"collection":[{"href":"https:\/\/deliberativa.org\/en\/wp-json\/wp\/v2\/pages"}],"about":[{"href":"https:\/\/deliberativa.org\/en\/wp-json\/wp\/v2\/types\/page"}],"author":[{"embeddable":true,"href":"https:\/\/deliberativa.org\/en\/wp-json\/wp\/v2\/users\/2"}],"replies":[{"embeddable":true,"href":"https:\/\/deliberativa.org\/en\/wp-json\/wp\/v2\/comments?post=1573"}],"version-history":[{"count":4,"href":"https:\/\/deliberativa.org\/en\/wp-json\/wp\/v2\/pages\/1573\/revisions"}],"predecessor-version":[{"id":2577,"href":"https:\/\/deliberativa.org\/en\/wp-json\/wp\/v2\/pages\/1573\/revisions\/2577"}],"up":[{"embeddable":true,"href":"https:\/\/deliberativa.org\/en\/wp-json\/wp\/v2\/pages\/1616"}],"wp:featuredmedia":[{"embeddable":true,"href":"https:\/\/deliberativa.org\/en\/wp-json\/wp\/v2\/media\/1934"}],"wp:attachment":[{"href":"https:\/\/deliberativa.org\/en\/wp-json\/wp\/v2\/media?parent=1573"}],"curies":[{"name":"wp","href":"https:\/\/api.w.org\/{rel}","templated":true}]}}

<p class="has-black-color has-text-color has-link-color wp-elements-220a6c7eeed83825f4c5c6bb75aa4ed7">Arantxa holds a degree in Political Science from the Institute of Political Studies in Bordeaux, France, and a Master&#8217;s degree in Cultural Management from Heriot-Watt University in Edinburgh.</p>

<p class="has-black-color has-text-color has-link-color wp-elements-6a16ba11b760dff7abeda4fae1c5f4a5">Initially, her career focused on the design and management of cultural projects linked to social transformation. In parallel, she has promoted and participated in networks that empower citizens, and has explored democratic models that include the civic lottery. </p>

<p class="has-black-color has-text-color has-link-color wp-elements-58aaea083452cf6c86ac7d059c03e480">In 2019 she co-founded Deliberativa. Since then, she has been dedicated to the co-design, implementation and promotion of citizen deliberation. She is particularly interested in developing processes at local, regional and state level, adapted to specific social and cultural contexts.  </p>

<div class="wp-block-group"><div class="wp-block-group__inner-container is-layout-constrained wp-block-group-is-layout-constrained">
<p>She is co-author, with Ernesto Ganuza, of the book <a href="https://www.consonni.org/es/publicaciones/la-democracia-es-posible" target="_blank" rel="noreferrer noopener">
  <em>La democracia es posible. Sorteo cívico y deliberación para rescatar el poder de la ciudadanía (2020, Ed. Consonni.</em>
</a> (2020, Ed. Consonni).</p>
</div></div>

<p></p>
