{"id":1576,"date":"2024-05-01T12:19:52","date_gmt":"2024-05-01T10:19:52","guid":{"rendered":"https:\/\/deliberativa.org\/arantxa-mendiharat\/"},"modified":"2025-10-01T17:51:25","modified_gmt":"2025-10-01T15:51:25","slug":"arantxa-mendiharat","status":"publish","type":"page","link":"https:\/\/deliberativa.org\/eu\/gu\/kofundatzaileak\/arantxa-mendiharat\/","title":{"rendered":"Arantxa Mendiharat"},"content":{"rendered":"\n<p class=\"has-black-color has-text-color has-link-color wp-elements-f4949fc87ffe6337265abac163af367b\">Arantxa Zientzia Politikoetan lizentziatua da Bordeleko (Frantzia) Ikasketa Politikoen Institutuan, eta Kultur Kudeaketan Masterra egin zuen Edinburgoko Heriot-Watt Unibertsitatean.<\/p>\n\n<p class=\"has-black-color has-text-color has-link-color wp-elements-432a078b3a85da9504b8db04455a70a8\">Hasiera batean, bere ibilbidea gizarte eraldaketari lotutako kultur proiektuen diseinuan eta kudeaketan zentratu zen. Aldi berean, herritarrak ahalduntzen dituzten sareak sustatu eta parte hartu du, eta hiritar loteria barne hartzen duten eredu demokratikoak aztertu ditu. <\/p>\n\n<p class=\"has-black-color has-text-color has-link-color wp-elements-4e406c6eb7f9290c16cf487f4cd37aac\">2019an Deliberativa sortu zuen. Harrezkero, herritarren deliberazioa kodiseinatzera, ezartzera eta sustatzera aritu da. Bereziki interesatzen zaio toki, eskualde eta estatu mailan prozesuak garatzea, testuinguru sozial eta kultural zehatzetara egokituta.  <\/p>\n\n<div class=\"wp-block-group\"><div class=\"wp-block-group__inner-container is-layout-constrained wp-block-group-is-layout-constrained\">\n<p>Ernesto Ganuzarekin batera idatzi du <a href=\"https:\/\/www.consonni.org\/es\/publicaciones\/la-democracia-es-posible\" target=\"_blank\" rel=\"noreferrer noopener\">La democracia es posible. Sorteo c\u00edvico y deliberaci\u00f3n para rescatar el poder de la ciudadan\u00eda<\/a> (2020, Ed. Consonni).<\/p>\n<\/div><\/div>\n\n<p><\/p>\n","protected":false},"excerpt":{"rendered":"<p>Arantxa Zientzia Politikoetan lizentziatua da Bordeleko (Frantzia) Ikasketa Politikoen Institutuan, eta Kultur Kudeaketan Masterra egin zuen Edinburgoko Heriot-Watt Unibertsitatean. Hasiera batean, bere ibilbidea gizarte eraldaketari lotutako kultur proiektuen diseinuan eta kudeaketan zentratu zen. Aldi berean, herritarrak ahalduntzen dituzten sareak sustatu eta parte hartu du, eta hiritar loteria barne hartzen duten eredu demokratikoak aztertu ditu. 2019an [&hellip;]<\/p>\n","protected":false},"author":2,"featured_media":1932,"parent":1618,"menu_order":43,"comment_status":"closed","ping_status":"closed","template":"","meta":{"_acf_changed":false,"_uag_custom_page_level_css":"","footnotes":""},"class_list":["post-1576","page","type-page","status-publish","has-post-thumbnail","hentry"],"acf":[],"uagb_featured_image_src":{"full":["https:\/\/deliberativa.org\/wp-content\/uploads\/2024\/12\/Deliberativa-arantxa-mendiharat.jpg",1476,692,false],"thumbnail":["https:\/\/deliberativa.org\/wp-content\/uploads\/2024\/12\/Deliberativa-arantxa-mendiharat-150x150.jpg",96,96,true],"medium":["https:\/\/deliberativa.org\/wp-content\/uploads\/2024\/12\/Deliberativa-arantxa-mendiharat-300x141.jpg",300,141,true],"medium_large":["https:\/\/deliberativa.org\/wp-content\/uploads\/2024\/12\/Deliberativa-arantxa-mendiharat-768x360.jpg",768,360,true],"large":["https:\/\/deliberativa.org\/wp-content\/uploads\/2024\/12\/Deliberativa-arantxa-mendiharat-1024x480.jpg",1024,480,true],"1536x1536":["https:\/\/deliberativa.org\/wp-content\/uploads\/2024\/12\/Deliberativa-arantxa-mendiharat.jpg",1476,692,false],"2048x2048":["https:\/\/deliberativa.org\/wp-content\/uploads\/2024\/12\/Deliberativa-arantxa-mendiharat.jpg",1476,692,false]},"uagb_author_info":{"display_name":"arantxa","author_link":"https:\/\/deliberativa.org\/eu\/author\/arantxa\/"},"uagb_comment_info":0,"uagb_excerpt":"Arantxa Zientzia Politikoetan lizentziatua da Bordeleko (Frantzia) Ikasketa Politikoen Institutuan, eta Kultur Kudeaketan Masterra egin zuen Edinburgoko Heriot-Watt Unibertsitatean. Hasiera batean, bere ibilbidea gizarte eraldaketari lotutako kultur proiektuen diseinuan eta kudeaketan zentratu zen. Aldi berean, herritarrak ahalduntzen dituzten sareak sustatu eta parte hartu du, eta hiritar loteria barne hartzen duten eredu demokratikoak aztertu ditu. 2019an&hellip;","_links":{"self":[{"href":"https:\/\/deliberativa.org\/eu\/wp-json\/wp\/v2\/pages\/1576","targetHints":{"allow":["GET"]}}],"collection":[{"href":"https:\/\/deliberativa.org\/eu\/wp-json\/wp\/v2\/pages"}],"about":[{"href":"https:\/\/deliberativa.org\/eu\/wp-json\/wp\/v2\/types\/page"}],"author":[{"embeddable":true,"href":"https:\/\/deliberativa.org\/eu\/wp-json\/wp\/v2\/users\/2"}],"replies":[{"embeddable":true,"href":"https:\/\/deliberativa.org\/eu\/wp-json\/wp\/v2\/comments?post=1576"}],"version-history":[{"count":3,"href":"https:\/\/deliberativa.org\/eu\/wp-json\/wp\/v2\/pages\/1576\/revisions"}],"predecessor-version":[{"id":2576,"href":"https:\/\/deliberativa.org\/eu\/wp-json\/wp\/v2\/pages\/1576\/revisions\/2576"}],"up":[{"embeddable":true,"href":"https:\/\/deliberativa.org\/eu\/wp-json\/wp\/v2\/pages\/1618"}],"wp:featuredmedia":[{"embeddable":true,"href":"https:\/\/deliberativa.org\/eu\/wp-json\/wp\/v2\/media\/1932"}],"wp:attachment":[{"href":"https:\/\/deliberativa.org\/eu\/wp-json\/wp\/v2\/media?parent=1576"}],"curies":[{"name":"wp","href":"https:\/\/api.w.org\/{rel}","templated":true}]}}

<p class="has-black-color has-text-color has-link-color wp-elements-f4949fc87ffe6337265abac163af367b">Arantxa Zientzia Politikoetan lizentziatua da Bordeleko (Frantzia) Ikasketa Politikoen Institutuan, eta Kultur Kudeaketan Masterra egin zuen Edinburgoko Heriot-Watt Unibertsitatean.</p>

<p class="has-black-color has-text-color has-link-color wp-elements-432a078b3a85da9504b8db04455a70a8">Hasiera batean, bere ibilbidea gizarte eraldaketari lotutako kultur proiektuen diseinuan eta kudeaketan zentratu zen. Aldi berean, herritarrak ahalduntzen dituzten sareak sustatu eta parte hartu du, eta hiritar loteria barne hartzen duten eredu demokratikoak aztertu ditu. </p>

<p class="has-black-color has-text-color has-link-color wp-elements-4e406c6eb7f9290c16cf487f4cd37aac">2019an Deliberativa sortu zuen. Harrezkero, herritarren deliberazioa kodiseinatzera, ezartzera eta sustatzera aritu da. Bereziki interesatzen zaio toki, eskualde eta estatu mailan prozesuak garatzea, testuinguru sozial eta kultural zehatzetara egokituta.  </p>

<div class="wp-block-group"><div class="wp-block-group__inner-container is-layout-constrained wp-block-group-is-layout-constrained">
<p>Ernesto Ganuzarekin batera idatzi du <a href="https://www.consonni.org/es/publicaciones/la-democracia-es-posible" target="_blank" rel="noreferrer noopener">La democracia es posible. Sorteo cívico y deliberación para rescatar el poder de la ciudadanía</a> (2020, Ed. Consonni).</p>
</div></div>

<p></p>
